Let h(w) = 4*w**2 - 11*w. Let u(n) = 5*n**2 - 12*n - 1. Let k(a) = 4*h(a) - 3*u(a). Calculate k(7).
-4
Let f(t) be the second derivative of t**3/2 - t**2/2 + 19*t. Give f(-4).
-13
Let b be ((-6)/(-9))/(2/3). Let a(y) be the first derivative of y**6/40 + y**3/6 - y**2 - 1. Let s(c) be the second derivative of a(c). Calculate s(b).
4
Let m = -23 - -18. Let g(a) = -a**2 - a + 3. Determine g(m).
-17
Let l be 4/(3/(-2) + 2). Suppose -t + 4 = -8. Suppose -t = -4*f + l*f. Let c(o) = o**2 + 2*o - 4. Give c(f).
-1
Let i(k) be the third derivative of 5*k**4/24 - k**3/6 + 2*k**2. Let l = 5 + -1. Suppose -4*b - 17 + 1 = -l*t, -3*t = -2*b - 13. Determine i(b).
4
Let g(w) = -1. Let s(u) = u. Suppose -5*q + 14 = -5*h + 2*h, -h = -5*q + 8. Let o(k) = q*s(k) - 2*g(k). Determine o(4).
6
Let l(x) = -4*x. Suppose -h - 6 = -4*h. Calculate l(h).
-8
Let v(i) = -i**3 - 4*i**2 + 5*i + 1. Let m = -50 + 45. Calculate v(m).
1
Let i(v) = -v**3 + 7*v**2 - 2*v - 3. Suppose d - a = 11, -2*a = -2*d - 6*a - 8. Calculate i(d).
21
Let y be (-3)/2*(-16)/(-24). Let k = 2 + y. Let n be -1 + -4 + -1 + k. Let w(s) = s**3 + 5*s**2 + 7. What is w(n)?
7
Let u(z) = z**2 + 3*z - 1. Suppose d + 0*d = s + 12, -s - 19 = -2*d. Suppose 2*r + d + 1 = 0. What is u(r)?
3
Suppose 0 = 4*n - 3 + 11. Let a(m) = 5*m**2 - 9*m - 17. Let h(y) = y**2 - 2*y - 4. Let b(r) = n*a(r) + 9*h(r). Calculate b(-2).
-6
Let k = -23 + 35. Suppose -3*b = b - k. Let v = -3 + b. Let f(l) = l**2 - l - 1. What is f(v)?
-1
Let w(c) = 6*c**2 - 2*c**2 - c - 4*c + c**3 - 4. Calculate w(-5).
-4
Let n = -4 - -7. Let r(w) = -2*w - 12 + 5*w + 15 - w**2. What is r(n)?
3
Let u(l) be the first derivative of -l**4/4 - 2*l**3/3 - l**2/2 + 1. Calculate u(-3).
12
Let n be (-3)/(-15)*4*-5. Let t be 2 - 1 - n/(-4). Let l(h) = 1 + 0*h + t + h. Give l(1).
2
Let k(z) be the second derivative of -z**3 - 3*z**2/2 - z. Give k(-2).
9
Let l(f) = 2*f + 1. Let m(r) = r - 7. Suppose -6 - 4 = -5*c. Suppose n + c = -5*s + s, 0 = n - 2*s - 10. Let j be m(n). Give l(j).
-1
Let f = -9 + 9. Let z be f + 0 - (-9 + 7). Let k(q) = 2*q**2 - q - 1. Calculate k(z).
5
Suppose -7 = -a - 0*p + 3*p, -p = -4*a + 17. Let w(m) = -m**3 - m**2 + m + 1. Let i(j) = 5*j**3 - 4*j. Let l(g) = i(g) + 4*w(g). Give l(a).
4
Let c(j) = j**3 - 14*j**2 + 12*j + 18. Let t be c(13). Let l(z) = -2 + 5*z + z**3 - 5*z**2 - z**2 - 5 + 2*z. Give l(t).
3
Let a(o) = -o**2 + 5*o - 4. Let n be a(3). Let x(d) = d**3 + d**2 + 1. Determine x(n).
13
Let c(m) be the first derivative of m**2/2 + 3*m - 4. What is c(8)?
11
Let h(n) = 0*n - 4 + 12 - 5 + n. Give h(-4).
-1
Let v(j) be the third derivative of j**6/30 - j**4/24 - j**3/6 - 3*j**2. Let k(u) = -u**2 + u + 1. Let m be k(2). What is v(m)?
-4
Let q(x) = -21*x**2 - 13*x + 13. Let i(t) = -11*t**2 - 7*t + 7. Let h(b) = -11*i(b) + 6*q(b). Let k(a) = -a**2 - 7*a - 5. Let d be k(-6). Calculate h(d).
-5
Let z(w) be the second derivative of w**8/6720 + w**7/360 + w**6/144 - w**5/40 + w**4/6 - 3*w. Let v(f) be the third derivative of z(f). Calculate v(-6).
3
Let t(l) = 9*l**2 + 5*l - 10. Let r(w) = -5*w**2 - 3*w + 5. Let m(b) = -7*r(b) - 4*t(b). Give m(0).
5
Let m(p) = p**3 + 6*p**2 - 3*p - 7*p**2 - 2 - 1. Suppose i = -3*r + 6, 2*r - 4*i - 24 = -2*r. Calculate m(r).
6
Let n(a) = -2*a - 1. Let o be n(-3). Suppose -1 + o = -2*y, 0 = -5*k - y + 8. Let i(p) = k*p + 6 + p - 2*p. Calculate i(0).
6
Let p(g) = -g + 8. Let y be p(6). Let d(x) = -2*x + 2. Determine d(y).
-2
Suppose 2 - 6 = 4*z. Let c = -6 - z. Let l(y) = 7*y**3 + 3*y**2 - 19*y + 1. Let g(x) = 11*x**3 + 4*x**2 - 29*x + 2. Let p(s) = 5*g(s) - 8*l(s). Give p(c).
-8
Let l(s) = 3 - 5 - s + 2. Let i be l(-3). Let a(f) = -f**2 + 5*f - 3. What is a(i)?
3
Let y(s) = 5*s**3 - 4*s**2 - 2*s + 8. Let d(j) = -14*j**3 + 11*j**2 + 6*j - 23. Let v(z) = -6*d(z) - 17*y(z). Let x(u) = u + 4. Let l be x(-2). Calculate v(l).
-2
Let x = 10 + -4. Let h be -3*(-1 + 14/x). Let d(r) = r**2 + 3*r + 4. Determine d(h).
8
Let v(n) = -n**3 + 3*n**2 - 3*n + 2. Suppose 16*z - 10 = 11*z. Give v(z).
0
Let d(r) = 4*r**2 + r - 1. Let s be 4 - 0/(-2 - -1). Suppose 7*i - s*i = 0. Let f be (i + -2)*1/(-2). Give d(f).
4
Suppose 6*u - u + 7 = -y, 3 = -y - 3*u. Let o(a) = 5*a**3 + a**2 - 2*a + 4. Let w(b) = -5*b**3 - b**2 + 2*b - 5. Let k(h) = y*w(h) + 4*o(h). Give k(1).
5
Let z(j) = j**2 + 8*j + 9. Let r(h) = h**2 + 7*h + 6. Let a be r(-4). Determine z(a).
-3
Let m(f) = 4*f - 1 - 7*f + 2 + f. What is m(-6)?
13
Let a(t) = t**3 - 7*t**2 - 8*t + 3. Let y be a(8). Suppose 5*u - 8 = 7. Let p(g) = 5*g**3 + 2 + g**u - 6 - 5*g**3 - 3*g**2 + 4*g. Calculate p(y).
8
Let m be (3*3/(-18))/(1/(-2)). Let h(w) = 5*w**3 - w**2 - w + 1. Determine h(m).
4
Let i(d) = -6*d**3 + 6*d**2 + d - 1. Let v(g) = g**3 - g**2. Let t(u) = -i(u) - 5*v(u). Suppose 2*r = -1 + 5. What is t(r)?
3
Let b(j) = 4*j**2 + 6*j + 6. Let l(z) = 5*z**2 + 7*z + 7. Let h(g) = 4*b(g) - 3*l(g). Calculate h(-3).
3
Let s = -8 - -13. Suppose -4*r + g - 6 = 0, -18 - 2 = 5*r + s*g. Let t(k) be the second derivative of -k**3/2 + 4*k. Give t(r).
6
Let b be 0*(-2 + 3/3). Suppose b = 4*a - 2*a - 10. Let l(y) = y**2 - 6*y - 5. Give l(a).
-10
Let t(r) = -r - 7. Let f = -37 - -23. Let m be ((-12)/f)/((-3)/21). What is t(m)?
-1
Let p(o) = -o**2 - 7*o + 4. Let f be ((-14)/(-4))/(23/(-46)). Give p(f).
4
Let z = -26 + 30. Let c(w) = w**2 - 4*w + 4. Determine c(z).
4
Let u(z) = -z - 1. Let d = 1 - -1. Suppose -d = p - g, -4*p + 3*g - 2*g = -7. Calculate u(p).
-4
Suppose -a + 5*l = 13, 2*l - 8 = -a - 0*l. Let h(q) = -2 - 2 - 2 - 4*q - q**a + 3. Determine h(-4).
-3
Let g(b) be the second derivative of -1/3*b**3 - 1/60*b**5 - b + 0 - 1/12*b**4 + 0*b**2. Let l(u) be the second derivative of g(u). Give l(-3).
4
Let n(t) = 3*t**3. Let z(c) = c**3 + c**2 - 1. Let v(f) = n(f) - 4*z(f). Let g be (-25)/9 - (-2)/(-9). What is v(g)?
-5
Suppose 6*j = 2*j - 8. Let a(h) = 4*h**2 + 4*h + 2. Give a(j).
10
Let y be (-1 - 2)*(-2)/(-3). Let k be 3/(-6) + (-9)/y. Let c(g) = g - 5. What is c(k)?
-1
Let t be 1*2*15/10. Let b(p) = -3*p + 6*p**2 + 2*p - p**t + 0*p. Give b(6).
-6
Let g(x) = 2*x**2 - 2*x + 2. Let j(z) = z**3 - 6*z**2 + 4*z + 8. Let r be j(5). Calculate g(r).
14
Let z(a) be the first derivative of -a**3/3 + 3*a**2/2 + 2*a - 4. Let o = 5 - 1. Determine z(o).
-2
Let d(y) be the second derivative of -5*y**4/24 - y**3/6 - 4*y**2 - 8*y. Let w(j) be the first derivative of d(j). Determine w(-2).
9
Let u(l) = l**2 - 5*l - 2. Suppose 0 = -5*i + i + 12. Suppose i*d + 5*j - 1 - 1 = 0, -3*j = -4*d + 22. Calculate u(d).
-6
Let l(j) = j + 5. Let m(k) = 2*k + 11. Let r(x) = -9*l(x) + 4*m(x). Suppose -3*c - 2 = -s - 3, -5*s - 2*c = -12. What is r(s)?
-3
Let v(t) = -t**2 + 2*t + 4. Let s(z) = z**2 - z - 4. Suppose 4*g - 3 = -5*b, 0*g + g = -5*b + 12. Let m(l) = g*v(l) - 2*s(l). What is m(4)?
-4
Let k(f) = -2*f + 2. Let o be 1/(-3) + 7/3. Suppose -4*u - s + 25 = 0, 3*u + s = -o*u + 31. Suppose -u = -q - q. What is k(q)?
-4
Let b(j) = j**2 - 8*j + 7. Let h(r) = -2*r - 5. Let t be h(-5). Suppose -t*s + 10 = -0. Suppose s*v = -0 + 10. What is b(v)?
-8
Suppose 4*n - 4 - 4 = 0. Let w(c) = -2 - n*c + c - 7. Determine w(-5).
-4
Let y(x) = -4*x + 1 + 5*x + 4. Suppose -i = -3, a + 0*a + 4*i = 15. Let o be a/(-3 - (0 - 2)). Determine y(o).
2
Let y = -20 + 13. Let a(i) = -3*i**2 + 2*i - 1. Let r(z) = 10*z**2 - 7*z + 3. Let m(k) = y*a(k) - 2*r(k). Give m(-3).
10
Suppose -b = k - 7, 5*b - 3*k + 7 = 42. Let v(j) = 0 - b*j + 4*j + 0. Determine v(-3).
9
Let m(u) be the first derivative of u**3/3 + 3*u**2/2 + u + 14. Calculate m(-4).
5
Suppose -6 = 3*d - 3. Let j(q) = -3*q**3 + q**2 - q - 1. Determine j(d).
4
Let k(y) be the second derivative of -y**3/2 - 8*y. Let v = 4 + -2. Let x(q) = 4*q. Let j(t) = v*x(t) + 3*k(t). Calculate j(-4).
4
Let n(y) = y**3 + 4*y**2 - 4*y + 4. Suppose 2*b + 3*b + 4*u + 29 = 0, b - 3*u + 2 = 0. Calculate n(b).
-1
Let q(b) = -3*b. Let n(x) = -x**2 + 6*x + 2. Let u be n(6). Suppose 22 = -u*l - 4*a, 3*a + 38 = -5*l + 11. Give q(l).
9
Let l(o) = o**2 - 2*o - 5. Suppose -2*p - 4*z - 5 = 7, 5*p - 3*z = -17. What is l(p)?
19
Let p(l) be the first derivative of 3*l**2/2 - 11. What is p(3)?
9
Let o(u) = u**3 + 3*u**2 + u - 1. Suppose 3*d = 4*w + w + 7, 0 = 3*w + 3*d + 9. Give o(w).
1
Let q(n) = 5*n**2 - 9*n + 6. Let s(p) be t